{"id":7813,"date":"2025-05-16T11:18:55","date_gmt":"2025-05-16T09:18:55","guid":{"rendered":"https:\/\/gradskimuzej.subotica.rs\/?page_id=7813"},"modified":"2025-12-17T10:10:50","modified_gmt":"2025-12-17T09:10:50","slug":"museion-2","status":"publish","type":"page","link":"https:\/\/gradskimuzej.subotica.rs\/?page_id=7813&lang=hu","title":{"rendered":"Museion"},"content":{"rendered":"\n<div class=\"wp-block-media-text has-media-on-the-right is-stacked-on-mobile\" style=\"grid-template-columns:auto 40%\"><div class=\"wp-block-media-text__content\">\n<h4 class=\"wp-block-heading\">Museion<\/h4>\n\n\n\n<p>A <em>Museion <\/em>a Szabadkai V\u00e1rosi M\u00fazeum \u00e9vk\u00f6nyve, amely az int\u00e9zm\u00e9ny munkat\u00e1rsainak tudom\u00e1nyos kutat\u00e1sainak eredm\u00e9nyeit t\u00e1rja a sz\u00e9lesebb k\u00f6z\u00f6ns\u00e9g el\u00e9. A foly\u00f3irat a m\u00fazeum gy\u0171jtem\u00e9nyeinek megfelel\u0151en ad teret a r\u00e9g\u00e9szeti, n\u00e9prajzi, m\u0171v\u00e9szett\u00f6rt\u00e9neti, t\u00f6rt\u00e9nelmi, konzerv\u00e1tori \u00e9s restaur\u00e1tori, pedag\u00f3giai, term\u00e9szettudom\u00e1nyi t\u00e9m\u00e1j\u00fa kutat\u00e1si eredm\u00e9nyeknek szerb, magyar \u00e9s horv\u00e1t nyelven. A <em>Museion<\/em> 2017 \u00f3ta M35-as tudom\u00e1nyos besorol\u00e1s\u00fa periodik\u00e1nak sz\u00e1m\u00edt.<\/p>\n<\/div><figure class=\"wp-block-media-text__media\"><img loading=\"lazy\" decoding=\"async\" width=\"1024\" height=\"737\" src=\"https:\/\/gradskimuzej.subotica.rs\/wp-content\/uploads\/2025\/05\/MUSEION-KONYV-Book_Mockup_02-1024x737.jpg\" alt=\"\" class=\"wp-image-7867 size-full\" srcset=\"https:\/\/gradskimuzej.subotica.rs\/wp-content\/uploads\/2025\/05\/MUSEION-KONYV-Book_Mockup_02-1024x737.jpg 1024w, https:\/\/gradskimuzej.subotica.rs\/wp-content\/uploads\/2025\/05\/MUSEION-KONYV-Book_Mockup_02-694x500.jpg 694w, https:\/\/gradskimuzej.subotica.rs\/wp-content\/uploads\/2025\/05\/MUSEION-KONYV-Book_Mockup_02-400x288.jpg 400w, https:\/\/gradskimuzej.subotica.rs\/wp-content\/uploads\/2025\/05\/MUSEION-KONYV-Book_Mockup_02-768x553.jpg 768w, https:\/\/gradskimuzej.subotica.rs\/wp-content\/uploads\/2025\/05\/MUSEION-KONYV-Book_Mockup_02-1536x1106.jpg 1536w, https:\/\/gradskimuzej.subotica.rs\/wp-content\/uploads\/2025\/05\/MUSEION-KONYV-Book_Mockup_02-2048x1475.jpg 2048w\" sizes=\"(max-width: 1024px) 100vw, 1024px\" \/><\/figure><\/div>\n\n\n\n<p><strong>A foly\u00f3irat sz\u00e1mai:<\/strong><\/p>\n\n\n\n<ul>\n<li>Museion 23 (2025) <a href=\"https:\/\/gradskimuzej.subotica.rs\/wp-content\/uploads\/2025\/12\/MUSEION-23-2025.pdf\"><strong>PDF<\/strong><\/a><\/li>\n\n\n\n<li>Museion 22 (2024) <a href=\"https:\/\/gradskimuzej.subotica.rs\/wp-content\/uploads\/2025\/05\/MUSEION-22-2024.pdf\"><strong>PDF<\/strong><\/a><\/li>\n\n\n\n<li>Museion 21 (2023) <a href=\"https:\/\/gradskimuzej.subotica.rs\/wp-content\/uploads\/2025\/05\/MUSEION-21-2023-.pdf\"><strong>PDF<\/strong><\/a><\/li>\n\n\n\n<li>Museion 20 (2022) <a href=\"https:\/\/gradskimuzej.subotica.rs\/wp-content\/uploads\/2025\/05\/MUSEION-20-2022.pdf\"><strong>PDF<\/strong><\/a><\/li>\n\n\n\n<li>Museion 19 (2021) <a href=\"https:\/\/gradskimuzej.subotica.rs\/wp-content\/uploads\/2025\/05\/MUSEION-19-2021.pdf\"><strong>PDF<\/strong><\/a><\/li>\n\n\n\n<li>Museion 18 (2020) <a href=\"https:\/\/gradskimuzej.subotica.rs\/wp-content\/uploads\/2025\/05\/Museion-18-2020.pdf\"><strong>PDF<\/strong><\/a><\/li>\n\n\n\n<li>Museion 17 (2019) <a href=\"https:\/\/gradskimuzej.subotica.rs\/wp-content\/uploads\/2025\/05\/Museion-17-2019.pdf\"><strong>PDF<\/strong><\/a><\/li>\n\n\n\n<li>Museion 16 (2018) <a href=\"https:\/\/gradskimuzej.subotica.rs\/wp-content\/uploads\/2025\/05\/Museion-16-2018.pdf\"><strong>PDF<\/strong><\/a><\/li>\n\n\n\n<li>Museion 15 (2017) <a href=\"https:\/\/gradskimuzej.subotica.rs\/wp-content\/uploads\/2025\/05\/Museion-15-2017.pdf\"><strong>PDF<\/strong><\/a><\/li>\n\n\n\n<li>Museion 14 (2016) <a href=\"https:\/\/gradskimuzej.subotica.rs\/wp-content\/uploads\/2025\/05\/Museion-14-2016.pdf\"><strong>PDF<\/strong><\/a><\/li>\n\n\n\n<li>Museion 13 (2015)<\/li>\n\n\n\n<li>Museion 12 (2014) <strong><a href=\"https:\/\/gradskimuzej.subotica.rs\/wp-content\/uploads\/2025\/05\/Museion-12-2014.pdf\">PDF<\/a><\/strong><\/li>\n\n\n\n<li>Museion 11 (2012)<\/li>\n\n\n\n<li>Museion 10 (2011) <a href=\"https:\/\/gradskimuzej.subotica.rs\/wp-content\/uploads\/2025\/05\/Museion-10-2011.pdf\"><strong>PDF<\/strong><\/a><\/li>\n\n\n\n<li>Museion 9 (2010) <strong><a href=\"https:\/\/gradskimuzej.subotica.rs\/wp-content\/uploads\/2025\/05\/Museion-9-2010.pdf\">PDF<\/a><\/strong><\/li>\n\n\n\n<li>Museion 8 (2009) <strong><a href=\"https:\/\/gradskimuzej.subotica.rs\/wp-content\/uploads\/2025\/05\/Museion-8-2009.pdf\">PDF<\/a><\/strong><\/li>\n\n\n\n<li>Museion 7 (2008) <strong><a href=\"https:\/\/gradskimuzej.subotica.rs\/wp-content\/uploads\/2025\/05\/Museion-7-2008.pdf\">PDF<\/a><\/strong><\/li>\n\n\n\n<li>Museion 6 (2007) <strong><a href=\"https:\/\/gradskimuzej.subotica.rs\/wp-content\/uploads\/2025\/05\/Museion-6-2007.pdf\">PDF<\/a><\/strong><\/li>\n\n\n\n<li>Museion 5 (2006)<\/li>\n\n\n\n<li>Museion 4 (2004)<\/li>\n\n\n\n<li>Museion 3 (2003)<\/li>\n\n\n\n<li>Museion 2 (2002)<\/li>\n\n\n\n<li>Museion 1 (2001)<\/li>\n<\/ul>\n","protected":false},"excerpt":{"rendered":"<p>Museion A Museion a Szabadkai V\u00e1rosi M\u00fazeum \u00e9vk\u00f6nyve, amely az int\u00e9zm\u00e9ny munkat\u00e1rsainak tudom\u00e1nyos kutat\u00e1sainak eredm\u00e9nyeit t\u00e1rja a sz\u00e9lesebb k\u00f6z\u00f6ns\u00e9g el\u00e9. A foly\u00f3irat a m\u00fazeum gy\u0171jtem\u00e9nyeinek megfelel\u0151en ad teret a r\u00e9g\u00e9szeti, n\u00e9prajzi, m\u0171v\u00e9szett\u00f6rt\u00e9neti, t\u00f6rt\u00e9nelmi, konzerv\u00e1tori \u00e9s restaur\u00e1tori, pedag\u00f3giai, term\u00e9szettudom\u00e1nyi t\u00e9m\u00e1j\u00fa kutat\u00e1si eredm\u00e9nyeknek szerb, magyar \u00e9s horv\u00e1t nyelven. A Museion 2017 \u00f3ta M35-as tudom\u00e1nyos besorol\u00e1s\u00fa periodik\u00e1nak sz\u00e1m\u00edt. [&hellip;]<\/p>\n","protected":false},"author":2,"featured_media":2415,"parent":1079,"menu_order":0,"comment_status":"closed","ping_status":"closed","template":"","meta":{"footnotes":""},"_links":{"self":[{"href":"https:\/\/gradskimuzej.subotica.rs\/index.php?rest_route=\/wp\/v2\/pages\/7813"}],"collection":[{"href":"https:\/\/gradskimuzej.subotica.rs\/index.php?rest_route=\/wp\/v2\/pages"}],"about":[{"href":"https:\/\/gradskimuzej.subotica.rs\/index.php?rest_route=\/wp\/v2\/types\/page"}],"author":[{"embeddable":true,"href":"https:\/\/gradskimuzej.subotica.rs\/index.php?rest_route=\/wp\/v2\/users\/2"}],"replies":[{"embeddable":true,"href":"https:\/\/gradskimuzej.subotica.rs\/index.php?rest_route=%2Fwp%2Fv2%2Fcomments&post=7813"}],"version-history":[{"count":9,"href":"https:\/\/gradskimuzej.subotica.rs\/index.php?rest_route=\/wp\/v2\/pages\/7813\/revisions"}],"predecessor-version":[{"id":8154,"href":"https:\/\/gradskimuzej.subotica.rs\/index.php?rest_route=\/wp\/v2\/pages\/7813\/revisions\/8154"}],"up":[{"embeddable":true,"href":"https:\/\/gradskimuzej.subotica.rs\/index.php?rest_route=\/wp\/v2\/pages\/1079"}],"wp:featuredmedia":[{"embeddable":true,"href":"https:\/\/gradskimuzej.subotica.rs\/index.php?rest_route=\/wp\/v2\/media\/2415"}],"wp:attachment":[{"href":"https:\/\/gradskimuzej.subotica.rs\/index.php?rest_route=%2Fwp%2Fv2%2Fmedia&parent=7813"}],"curies":[{"name":"wp","href":"https:\/\/api.w.org\/{rel}","templated":true}]}}