{"id":7808,"date":"2025-05-16T11:18:55","date_gmt":"2025-05-16T09:18:55","guid":{"rendered":"https:\/\/gradskimuzej.subotica.rs\/?page_id=7808"},"modified":"2025-12-17T10:11:24","modified_gmt":"2025-12-17T09:11:24","slug":"museion-2","status":"publish","type":"page","link":"https:\/\/gradskimuzej.subotica.rs\/?page_id=7808&lang=sr","title":{"rendered":"Museion"},"content":{"rendered":"\n<div class=\"wp-block-media-text has-media-on-the-right is-stacked-on-mobile\" style=\"grid-template-columns:auto 40%\"><div class=\"wp-block-media-text__content\">\n<h4 class=\"wp-block-heading\">Museion<\/h4>\n\n\n\n<p><em>Museion <\/em>je godi\u0161njak Gradskog muzeja Subotica, koji \u0161iroj publici prezentuje rezultate nau\u010dno-istra\u017eiva\u010dkog rada zaposlenih u ovoj ustanovi. U skladu sa muzejskim zbirkama, \u010dasopis daje prostor istra\u017eiva\u010dkim rezultatima iz oblasti arheologije, etnografije, istorije umetnosti, istorije,<br>konzervacije i restauracije, pedagogije i prirode, na srpskom, ma\u0111arskom i hrvatskom jeziku. Od 2017. <em>Museion <\/em>je periodika sa nau\u010dnom klasifikacijom M53.<\/p>\n<\/div><figure class=\"wp-block-media-text__media\"><img loading=\"lazy\" decoding=\"async\" width=\"1024\" height=\"737\" src=\"https:\/\/gradskimuzej.subotica.rs\/wp-content\/uploads\/2025\/05\/MUSEION-KONYV-Book_Mockup_02-1024x737.jpg\" alt=\"\" class=\"wp-image-7866 size-full\" srcset=\"https:\/\/gradskimuzej.subotica.rs\/wp-content\/uploads\/2025\/05\/MUSEION-KONYV-Book_Mockup_02-1024x737.jpg 1024w, https:\/\/gradskimuzej.subotica.rs\/wp-content\/uploads\/2025\/05\/MUSEION-KONYV-Book_Mockup_02-694x500.jpg 694w, https:\/\/gradskimuzej.subotica.rs\/wp-content\/uploads\/2025\/05\/MUSEION-KONYV-Book_Mockup_02-400x288.jpg 400w, https:\/\/gradskimuzej.subotica.rs\/wp-content\/uploads\/2025\/05\/MUSEION-KONYV-Book_Mockup_02-768x553.jpg 768w, https:\/\/gradskimuzej.subotica.rs\/wp-content\/uploads\/2025\/05\/MUSEION-KONYV-Book_Mockup_02-1536x1106.jpg 1536w, https:\/\/gradskimuzej.subotica.rs\/wp-content\/uploads\/2025\/05\/MUSEION-KONYV-Book_Mockup_02-2048x1475.jpg 2048w\" sizes=\"(max-width: 1024px) 100vw, 1024px\" \/><\/figure><\/div>\n\n\n\n<p><\/p>\n\n\n\n<p><strong>Brojevi \u010dasopisa:<\/strong><\/p>\n\n\n\n<ul>\n<li>Museion 23 (2025) <a href=\"https:\/\/gradskimuzej.subotica.rs\/wp-content\/uploads\/2025\/12\/MUSEION-23-2025.pdf\"><strong>PDF<\/strong><\/a><\/li>\n\n\n\n<li>Museion 22 (2024) <a href=\"https:\/\/gradskimuzej.subotica.rs\/wp-content\/uploads\/2025\/05\/MUSEION-22-2024.pdf\"><strong>PDF<\/strong><\/a><\/li>\n\n\n\n<li>Museion 21 (2023) <a href=\"https:\/\/gradskimuzej.subotica.rs\/wp-content\/uploads\/2025\/05\/MUSEION-21-2023-.pdf\"><strong>PDF<\/strong><\/a><\/li>\n\n\n\n<li>Museion 20 (2022) <a href=\"https:\/\/gradskimuzej.subotica.rs\/wp-content\/uploads\/2025\/05\/MUSEION-20-2022.pdf\"><strong>PDF<\/strong><\/a><\/li>\n\n\n\n<li>Museion 19 (2021) <a href=\"https:\/\/gradskimuzej.subotica.rs\/wp-content\/uploads\/2025\/05\/MUSEION-19-2021.pdf\"><strong>PDF<\/strong><\/a><\/li>\n\n\n\n<li>Museion 18 (2020) <a href=\"https:\/\/gradskimuzej.subotica.rs\/wp-content\/uploads\/2025\/05\/Museion-18-2020.pdf\"><strong>PDF<\/strong><\/a><\/li>\n\n\n\n<li>Museion 17 (2019) <a href=\"https:\/\/gradskimuzej.subotica.rs\/wp-content\/uploads\/2025\/05\/Museion-17-2019.pdf\"><strong>PDF<\/strong><\/a><\/li>\n\n\n\n<li>Museion 16 (2018) <a href=\"https:\/\/gradskimuzej.subotica.rs\/wp-content\/uploads\/2025\/05\/Museion-16-2018.pdf\"><strong>PDF<\/strong><\/a><\/li>\n\n\n\n<li>Museion 15 (2017) <a href=\"https:\/\/gradskimuzej.subotica.rs\/wp-content\/uploads\/2025\/05\/Museion-15-2017.pdf\"><strong>PDF<\/strong><\/a><\/li>\n\n\n\n<li>Museion 14 (2016) <a href=\"https:\/\/gradskimuzej.subotica.rs\/wp-content\/uploads\/2025\/05\/Museion-14-2016.pdf\"><strong>PDF<\/strong><\/a><\/li>\n\n\n\n<li>Museion 13 (2015)<\/li>\n\n\n\n<li>Museion 12 (2014) <strong><a href=\"https:\/\/gradskimuzej.subotica.rs\/wp-content\/uploads\/2025\/05\/Museion-12-2014.pdf\">PDF<\/a><\/strong><\/li>\n\n\n\n<li>Museion 11 (2012)<\/li>\n\n\n\n<li>Museion 10 (2011) <a href=\"https:\/\/gradskimuzej.subotica.rs\/wp-content\/uploads\/2025\/05\/Museion-10-2011.pdf\"><strong>PDF<\/strong><\/a><\/li>\n\n\n\n<li>Museion 9 (2010) <strong><a href=\"https:\/\/gradskimuzej.subotica.rs\/wp-content\/uploads\/2025\/05\/Museion-9-2010.pdf\">PDF<\/a><\/strong><\/li>\n\n\n\n<li>Museion 8 (2009) <strong><a href=\"https:\/\/gradskimuzej.subotica.rs\/wp-content\/uploads\/2025\/05\/Museion-8-2009.pdf\">PDF<\/a><\/strong><\/li>\n\n\n\n<li>Museion 7 (2008) <strong><a href=\"https:\/\/gradskimuzej.subotica.rs\/wp-content\/uploads\/2025\/05\/Museion-7-2008.pdf\">PDF<\/a><\/strong><\/li>\n\n\n\n<li>Museion 6 (2007) <strong><a href=\"https:\/\/gradskimuzej.subotica.rs\/wp-content\/uploads\/2025\/05\/Museion-6-2007.pdf\">PDF<\/a><\/strong><\/li>\n\n\n\n<li>Museion 5 (2006)<\/li>\n\n\n\n<li>Museion 4 (2004)<\/li>\n\n\n\n<li>Museion 3 (2003)<\/li>\n\n\n\n<li>Museion 2 (2002)<\/li>\n\n\n\n<li>Museion 1 (2001)<\/li>\n<\/ul>\n\n\n\n<p><\/p>\n\n\n\n<p><\/p>\n","protected":false},"excerpt":{"rendered":"<p>Museion Museion je godi\u0161njak Gradskog muzeja Subotica, koji \u0161iroj publici prezentuje rezultate nau\u010dno-istra\u017eiva\u010dkog rada zaposlenih u ovoj ustanovi. U skladu sa muzejskim zbirkama, \u010dasopis daje prostor istra\u017eiva\u010dkim rezultatima iz oblasti arheologije, etnografije, istorije umetnosti, istorije,konzervacije i restauracije, pedagogije i prirode, na srpskom, ma\u0111arskom i hrvatskom jeziku. Od 2017. Museion je periodika sa nau\u010dnom klasifikacijom M53. [&hellip;]<\/p>\n","protected":false},"author":2,"featured_media":2173,"parent":1571,"menu_order":0,"comment_status":"closed","ping_status":"closed","template":"","meta":{"footnotes":""},"_links":{"self":[{"href":"https:\/\/gradskimuzej.subotica.rs\/index.php?rest_route=\/wp\/v2\/pages\/7808"}],"collection":[{"href":"https:\/\/gradskimuzej.subotica.rs\/index.php?rest_route=\/wp\/v2\/pages"}],"about":[{"href":"https:\/\/gradskimuzej.subotica.rs\/index.php?rest_route=\/wp\/v2\/types\/page"}],"author":[{"embeddable":true,"href":"https:\/\/gradskimuzej.subotica.rs\/index.php?rest_route=\/wp\/v2\/users\/2"}],"replies":[{"embeddable":true,"href":"https:\/\/gradskimuzej.subotica.rs\/index.php?rest_route=%2Fwp%2Fv2%2Fcomments&post=7808"}],"version-history":[{"count":16,"href":"https:\/\/gradskimuzej.subotica.rs\/index.php?rest_route=\/wp\/v2\/pages\/7808\/revisions"}],"predecessor-version":[{"id":8155,"href":"https:\/\/gradskimuzej.subotica.rs\/index.php?rest_route=\/wp\/v2\/pages\/7808\/revisions\/8155"}],"up":[{"embeddable":true,"href":"https:\/\/gradskimuzej.subotica.rs\/index.php?rest_route=\/wp\/v2\/pages\/1571"}],"wp:featuredmedia":[{"embeddable":true,"href":"https:\/\/gradskimuzej.subotica.rs\/index.php?rest_route=\/wp\/v2\/media\/2173"}],"wp:attachment":[{"href":"https:\/\/gradskimuzej.subotica.rs\/index.php?rest_route=%2Fwp%2Fv2%2Fmedia&parent=7808"}],"curies":[{"name":"wp","href":"https:\/\/api.w.org\/{rel}","templated":true}]}}