{"id":4849,"date":"2023-01-16T10:46:39","date_gmt":"2023-01-16T09:46:39","guid":{"rendered":"https:\/\/gradskimuzej.subotica.rs\/?page_id=4849"},"modified":"2025-03-28T12:58:05","modified_gmt":"2025-03-28T11:58:05","slug":"latogatoi-informaciok","status":"publish","type":"page","link":"https:\/\/gradskimuzej.subotica.rs\/?page_id=4849&lang=hu","title":{"rendered":"L\u00e1togat\u00f3i inform\u00e1ci\u00f3k"},"content":{"rendered":"\n<div class=\"wp-block-media-text alignwide has-media-on-the-right is-vertically-aligned-top\"><div class=\"wp-block-media-text__content\">\n<h4 class=\"wp-block-heading\"><strong>C\u00edm<\/strong><\/h4>\n\n\n\n<p>Szabadkai V\u00e1rosi M\u00fazeum<br> Zsinag\u00f3ga t\u00e9r 3.<br> 24000 Szabadka, Szerbia<br><\/p>\n\n\n\n<h4 class=\"wp-block-heading\"><strong>El\u00e9rhet\u0151s\u00e9gek<\/strong><\/h4>\n\n\n\n<p> Levelez\u00e9si c\u00edm:<br> Gradski Muzej Suboitca \u2013 SzabadkaiV\u00e1rosi M\u00fazeum<br> Trg Sinagoge 3.<br> 24000 Subotica, Srbija<\/p>\n\n\n\n<p> e-mail: muzejsubotica@mts.rs<br> Telefon \u00e9s fax: +381 (0)24 555 128  <\/p>\n<\/div><figure class=\"wp-block-media-text__media\"><img loading=\"lazy\" decoding=\"async\" width=\"1024\" height=\"768\" src=\"https:\/\/gradskimuzej.subotica.rs\/wp-content\/uploads\/2023\/01\/Musum_kapija-1024x768.jpg\" alt=\"\" class=\"wp-image-4850 size-full\" srcset=\"https:\/\/gradskimuzej.subotica.rs\/wp-content\/uploads\/2023\/01\/Musum_kapija-1024x768.jpg 1024w, https:\/\/gradskimuzej.subotica.rs\/wp-content\/uploads\/2023\/01\/Musum_kapija-667x500.jpg 667w, https:\/\/gradskimuzej.subotica.rs\/wp-content\/uploads\/2023\/01\/Musum_kapija-400x300.jpg 400w, https:\/\/gradskimuzej.subotica.rs\/wp-content\/uploads\/2023\/01\/Musum_kapija-768x576.jpg 768w, https:\/\/gradskimuzej.subotica.rs\/wp-content\/uploads\/2023\/01\/Musum_kapija.jpg 1413w\" sizes=\"(max-width: 1024px) 100vw, 1024px\" \/><\/figure><\/div>\n\n\n\n<h4 class=\"wp-block-heading\"> <strong>Nyitvatart\u00e1s<\/strong> <\/h4>\n\n\n\n<div class=\"wp-block-columns is-layout-flex wp-container-core-columns-is-layout-1 wp-block-columns-is-layout-flex\">\n<div class=\"wp-block-column is-layout-flow wp-block-column-is-layout-flow\">\n<p> <strong>L\u00e1togat\u00f3k sz\u00e1m\u00e1ra<\/strong><\/p>\n\n\n\n<p>Kedd: 10.00\u201318.00 <br>Szerda: 10.00\u201318.00<br> Cs\u00fct\u00f6rt\u00f6k: 10.00\u201318.00<br> P\u00e9ntek: 10.00\u201318.00<br> Szombat: 10.00\u201318.00<br> Vas\u00e1rnap \u00e9s h\u00e9tf\u0151n z\u00e1rva tartunk.<\/p>\n<\/div>\n\n\n\n<div class=\"wp-block-column is-layout-flow wp-block-column-is-layout-flow\">\n<p> <strong>Titk\u00e1rs\u00e1g<\/strong> <\/p>\n\n\n\n<p>  H\u00e9tf\u0151: 7.00\u201315.00<br> Kedd: 7.00\u201315.00<br> Szerda: 7.00\u201315.00<br> Cs\u00fct\u00f6rt\u00f6k: 7.00\u201315.00<br> P\u00e9ntek: 7.00\u201315.00 <\/p>\n<\/div>\n\n\n\n<div class=\"wp-block-column is-layout-flow wp-block-column-is-layout-flow\">\n<p> <strong>M\u00fazeumi k\u00f6nyvt\u00e1r<\/strong> <\/p>\n\n\n\n<p> H\u00e9tf\u0151: 10.00\u201313.00<br> Kedd: 10.00\u201313.00<br> Szerda: 10.00\u201313.00<br> Cs\u00fct\u00f6rt\u00f6k: 10.00\u201313.00<br> P\u00e9ntek: 10.00\u201313.00 <\/p>\n<\/div>\n<\/div>\n\n\n\n<h4 class=\"wp-block-heading\"> <strong>Jegyinform\u00e1ci\u00f3k<\/strong><\/h4>\n\n\n\n<div class=\"wp-block-columns is-layout-flex wp-container-core-columns-is-layout-2 wp-block-columns-is-layout-flex\">\n<div class=\"wp-block-column is-layout-flow wp-block-column-is-layout-flow\">\n<p> <strong>Szabadkai V\u00e1rosi M\u00fazeum<\/strong> <\/p>\n\n\n\n<p>200 RSD<\/p>\n\n\n\n<p> A m\u00fazeum megtekint\u00e9se nyugd\u00edjasok, fogyat\u00e9kkal \u00e9l\u0151k, \u00f3vod\u00e1s csoportok, m\u00fazeumpedag\u00f3giai foglalkoz\u00e1son r\u00e9sztvev\u0151 iskol\u00e1sok, illetve m\u00fazeumi szakemberek sz\u00e1m\u00e1ra ingyenes. <\/p>\n<\/div>\n\n\n\n<div class=\"wp-block-column is-layout-flow wp-block-column-is-layout-flow\">\n<p> <strong>V\u00e1rosh\u00e1za \u2013 d\u00edszterem<\/strong> <\/p>\n\n\n\n<p> 200 RSD<\/p>\n\n\n\n<p> Keddt\u0151l szombatig 12 \u00f3rai indul\u00e1ssal V\u00e1rosh\u00e1za d\u00edszbej\u00e1rat\u00e1t\u00f3l (a k\u00e9k sz\u00f6k\u0151k\u00fat fel\u0151li bej\u00e1rat). <\/p>\n<\/div>\n\n\n\n<div class=\"wp-block-column is-layout-flow wp-block-column-is-layout-flow\">\n<p><strong>V\u00e1rosh\u00e1za \u2013 kil\u00e1t\u00f3<\/strong> <\/p>\n\n\n\n<p>200 RSD<\/p>\n\n\n\n<p>Keddt\u0151l szombatig 12 \u00f3rai indul\u00e1ssal V\u00e1rosh\u00e1za d\u00edszbej\u00e1rat\u00e1t\u00f3l (a k\u00e9k sz\u00f6k\u0151k\u00fat fel\u0151li bej\u00e1rat). <\/p>\n<\/div>\n<\/div>\n\n\n\n<p> Csoportos l\u00e1togat\u00e1s (10 f\u0151 felett) eset\u00e9n a jegy \u00e1ra 150 RSD szem\u00e9lyenk\u00e9nt.<\/p>\n\n\n\n<h4 class=\"wp-block-heading\"><strong>Inform\u00e1ci\u00f3<\/strong><\/h4>\n\n\n\n<p>Inform\u00e1ci\u00f3k \u00e9s bejelentkez\u00e9s a m\u00fazeum ki\u00e1ll\u00edt\u00e1sainak, illetve a V\u00e1rosh\u00e1za megtekint\u00e9s\u00e9hez:<br>Sonja Korponai\u0107, t\u00e1rlatvezet\u0151<br> Tel: +381 (0)24 555 128<\/p>\n\n\n\n<p><strong>Akad\u00e1lymentes\u00edtett m\u00fazeum<\/strong><br>A Szabadkai V\u00e1rosi M\u00fazeum els\u0151 emeleti ki\u00e1ll\u00edt\u00f3 terei akad\u00e1lymentesen, lifttel \u00e9s kerekessz\u00e9ket emel\u0151 platformmal\u00a0 is megk\u00f6zel\u00edthet\u0151k.\u00a0K\u00e9rj\u00fck, hogy az ilyen ig\u00e9ny\u0171 l\u00e1togat\u00e1st legal\u00e1bb egy nappal el\u0151re jelezz\u00e9k m\u00fazeum port\u00e1j\u00e1n, vagy a +381 (0)24 555 128-as telefonsz\u00e1mon.<\/p>\n\n\n\n<p> <strong>Szakmai t\u00e1rlatvezet\u00e9sek, m\u00fazeumpedag\u00f3giai foglalkoz\u00e1sok<\/strong><br>A csoportos szakmai t\u00e1rlatvezet\u00e9sek \u00e9s a m\u00fazeumpedag\u00f3giai foglalkoz\u00e1sok minimum l\u00e9tsz\u00e1ma 5, a maximum 30 f\u0151.<br> A szakmai t\u00e1rlatvezet\u00e9sekre \u00e9s a m\u00fazeumpedag\u00f3giai foglalkoz\u00e1sokra el\u0151zetes bejelentkez\u00e9s sz\u00fcks\u00e9ges a +381 (0)24 555 128-as telefonsz\u00e1mon. <br>Jelentkez\u00e9skor k\u00e9rj\u00fck adja meg az al\u00e1bbi adatokat:<br> &#8211; v\u00e1lasztott foglakoz\u00e1s (a lehet\u0151s\u00e9gekr\u0151l <strong><a href=\"https:\/\/gradskimuzej.subotica.rs\/?page_id=1436&amp;lang=hu\">itt<\/a> <\/strong>t\u00e1j\u00e9koz\u00f3dhat) <br> &#8211; csoportl\u00e9tsz\u00e1m<br> &#8211; \u00e9letkor<br> &#8211; el\u00e9rhet\u0151s\u00e9g.<\/p>\n\n\n\n<iframe src=\"https:\/\/www.google.com\/maps\/embed?pb=!1m14!1m8!1m3!1d1383.229144683001!2d19.6611676!3d46.1017743!3m2!1i1024!2i768!4f13.1!3m3!1m2!1s0x474366c66cce1e27%3A0xe8fd2e45eca20b6d!2zVsOhcm9zaSBNw7p6ZXVt!5e0!3m2!1shu!2srs!4v1673861312865!5m2!1shu!2srs\" width=\"600\" height=\"450\" style=\"border:0;\" allowfullscreen=\"\" loading=\"lazy\" referrerpolicy=\"no-referrer-when-downgrade\"><\/iframe>\n","protected":false},"excerpt":{"rendered":"<p>C\u00edm Szabadkai V\u00e1rosi M\u00fazeum Zsinag\u00f3ga t\u00e9r 3. 24000 Szabadka, Szerbia El\u00e9rhet\u0151s\u00e9gek Levelez\u00e9si c\u00edm: Gradski Muzej Suboitca \u2013 SzabadkaiV\u00e1rosi M\u00fazeum Trg Sinagoge 3. 24000 Subotica, Srbija e-mail: muzejsubotica@mts.rs Telefon \u00e9s fax: +381 (0)24 555 128 Nyitvatart\u00e1s L\u00e1togat\u00f3k sz\u00e1m\u00e1ra Kedd: 10.00\u201318.00 Szerda: 10.00\u201318.00 Cs\u00fct\u00f6rt\u00f6k: 10.00\u201318.00 P\u00e9ntek: 10.00\u201318.00 Szombat: 10.00\u201318.00 Vas\u00e1rnap \u00e9s h\u00e9tf\u0151n z\u00e1rva tartunk. Titk\u00e1rs\u00e1g H\u00e9tf\u0151: 7.00\u201315.00 [&hellip;]<\/p>\n","protected":false},"author":2,"featured_media":4850,"parent":1039,"menu_order":0,"comment_status":"closed","ping_status":"closed","template":"","meta":{"footnotes":""},"_links":{"self":[{"href":"https:\/\/gradskimuzej.subotica.rs\/index.php?rest_route=\/wp\/v2\/pages\/4849"}],"collection":[{"href":"https:\/\/gradskimuzej.subotica.rs\/index.php?rest_route=\/wp\/v2\/pages"}],"about":[{"href":"https:\/\/gradskimuzej.subotica.rs\/index.php?rest_route=\/wp\/v2\/types\/page"}],"author":[{"embeddable":true,"href":"https:\/\/gradskimuzej.subotica.rs\/index.php?rest_route=\/wp\/v2\/users\/2"}],"replies":[{"embeddable":true,"href":"https:\/\/gradskimuzej.subotica.rs\/index.php?rest_route=%2Fwp%2Fv2%2Fcomments&post=4849"}],"version-history":[{"count":19,"href":"https:\/\/gradskimuzej.subotica.rs\/index.php?rest_route=\/wp\/v2\/pages\/4849\/revisions"}],"predecessor-version":[{"id":7767,"href":"https:\/\/gradskimuzej.subotica.rs\/index.php?rest_route=\/wp\/v2\/pages\/4849\/revisions\/7767"}],"up":[{"embeddable":true,"href":"https:\/\/gradskimuzej.subotica.rs\/index.php?rest_route=\/wp\/v2\/pages\/1039"}],"wp:featuredmedia":[{"embeddable":true,"href":"https:\/\/gradskimuzej.subotica.rs\/index.php?rest_route=\/wp\/v2\/media\/4850"}],"wp:attachment":[{"href":"https:\/\/gradskimuzej.subotica.rs\/index.php?rest_route=%2Fwp%2Fv2%2Fmedia&parent=4849"}],"curies":[{"name":"wp","href":"https:\/\/api.w.org\/{rel}","templated":true}]}}