{"id":1378,"date":"2019-04-19T10:23:08","date_gmt":"2019-04-19T08:23:08","guid":{"rendered":"https:\/\/gradskimuzej.subotica.rs\/?page_id=1378"},"modified":"2019-04-17T22:18:02","modified_gmt":"2019-04-17T20:18:02","slug":"konyvtar","status":"publish","type":"page","link":"https:\/\/gradskimuzej.subotica.rs\/?page_id=1378&lang=hu","title":{"rendered":"K\u00f6nyvt\u00e1r"},"content":{"rendered":"\n<div class=\"wp-block-image\"><figure class=\"alignright is-resized\"><img loading=\"lazy\" decoding=\"async\" src=\"https:\/\/gradskimuzej.subotica.rs\/wp-content\/uploads\/2019\/04\/konyvtar-2-1024x768.jpg\" alt=\"\"  class=\"wp-image-2087\" width=\"512\" height=\"384\" srcset=\"https:\/\/gradskimuzej.subotica.rs\/wp-content\/uploads\/2019\/04\/konyvtar-2-1024x768.jpg 1024w, https:\/\/gradskimuzej.subotica.rs\/wp-content\/uploads\/2019\/04\/konyvtar-2-400x300.jpg 400w, https:\/\/gradskimuzej.subotica.rs\/wp-content\/uploads\/2019\/04\/konyvtar-2-667x500.jpg 667w, https:\/\/gradskimuzej.subotica.rs\/wp-content\/uploads\/2019\/04\/konyvtar-2-768x576.jpg 768w, https:\/\/gradskimuzej.subotica.rs\/wp-content\/uploads\/2019\/04\/konyvtar-2.jpg 1500w\" sizes=\"(max-width: 512px) 100vw, 512px\" \/><\/figure><\/div>\n\n\n\n<p>\nA\nSzabadkai V\u00e1rosi M\u00fazeum szakk\u00f6nyvt\u00e1r\u00e1t 1948-ban, az int\u00e9zm\u00e9ny\nmegalakul\u00e1s\u00e1val egy id\u0151ben alap\u00edtott\u00e1k. A k\u00f6nyvt\u00e1r indul\u00e1sa\nidej\u00e9n csup\u00e1n 209 k\u00f6nyvet sz\u00e1ml\u00e1lt, ma azonban m\u00e1r mintegy 12\n000 kiadv\u00e1nyt foglal mag\u00e1ba. A k\u00f6nyvek, melyek szerb, horv\u00e1t,\nmagyar, angol, n\u00e9met, francia \u00e9s m\u00e1s nyelven \u00edr\u00f3dtak, r\u00e9szben\nv\u00e1s\u00e1rl\u00e1s, r\u00e9szben aj\u00e1nd\u00e9koz\u00e1s, illetve csere \u00fatj\u00e1n ker\u00fcltek\na gy\u0171jtem\u00e9nybe. A m\u00fazeumi k\u00f6nyvt\u00e1r a m\u00fazeum dolgoz\u00f3inak\nig\u00e9nyei szerint gy\u0171jti a r\u00e9g\u00e9szeti, n\u00e9prajzi, t\u00f6rt\u00e9nelmi,\nm\u0171v\u00e9szett\u00f6rt\u00e9neti, biol\u00f3giai \u00e9s konzerv\u00e1l\u00e1s t\u00e9m\u00e1j\u00fa\nszakk\u00f6nyveket.<\/p>\n\n\n\n<p>\nA\nk\u00f6nyvt\u00e1r k\u00f6nyveit szerz\u0151k \u00e9s t\u00e9ma szerint is katalogiz\u00e1lt\u00e1k,\n\u00e9s minden kiadv\u00e1ny csup\u00e1n a helysz\u00ednen haszn\u00e1lhat\u00f3. \n<\/p>\n\n\n\n<p>\nK\u00e9sz\u00fcl\naz elektronikus katal\u00f3gusunk, melynek seg\u00edts\u00e9g\u00e9vel k\u00f6nnyebben\nkereshet\u0151 lesz az \u00e1llom\u00e1ny.<\/p>\n\n\n\n<p>A gy\u0171jtem\u00e9ny t\u00f6bb nagyobb egys\u00e9gre oszthat\u00f3:<\/p>\n\n\n\n<p> <strong>Monogr\u00e1fi\u00e1k<\/strong><br> A monogr\u00e1fi\u00e1k t\u00f6bb mint 10 000 k\u00f6nyvb\u0151l \u00e1ll\u00f3 gy\u0171jtem\u00e9nye r\u00e9g\u00e9szeti, n\u00e9prajzi, t\u00f6rt\u00e9nelmi, m\u0171v\u00e9szett\u00f6rt\u00e9neti, biol\u00f3giai, m\u0171eml\u00e9kv\u00e9delmi, muzeol\u00f3giai, valamint konzerv\u00e1l\u00e1s t\u00e9m\u00e1j\u00fa k\u00f6nyveket tartalmaz. A gy\u0171jtem\u00e9nyben tal\u00e1lhat\u00f3 kiadv\u00e1nyok szerb, horv\u00e1t, magyar, angol, n\u00e9met, francia \u00e9s m\u00e1s nyelven \u00edr\u00f3dtak.  <\/p>\n\n\n\n<ul class=\"wp-block-gallery columns-4 is-cropped wp-block-gallery-1 is-layout-flex wp-block-gallery-is-layout-flex\"><li class=\"blocks-gallery-item\"><figure><img loading=\"lazy\" decoding=\"async\" width=\"673\" height=\"897\" src=\"https:\/\/gradskimuzej.subotica.rs\/wp-content\/uploads\/2019\/04\/07-3.jpg\" alt=\"\" data-id=\"1379\" data-link=\"https:\/\/gradskimuzej.subotica.rs\/?attachment_id=1379\"  class=\"wp-image-2088\" srcset=\"https:\/\/gradskimuzej.subotica.rs\/wp-content\/uploads\/2019\/04\/07-3.jpg 673w, https:\/\/gradskimuzej.subotica.rs\/wp-content\/uploads\/2019\/04\/07-3-225x300.jpg 225w, https:\/\/gradskimuzej.subotica.rs\/wp-content\/uploads\/2019\/04\/07-3-375x500.jpg 375w\" sizes=\"(max-width: 673px) 100vw, 673px\" \/><\/figure><\/li><li class=\"blocks-gallery-item\"><figure><img loading=\"lazy\" decoding=\"async\" width=\"718\" height=\"957\" src=\"https:\/\/gradskimuzej.subotica.rs\/wp-content\/uploads\/2019\/04\/11.jpg\" alt=\"\" data-id=\"1380\" data-link=\"https:\/\/gradskimuzej.subotica.rs\/?attachment_id=1380\"  class=\"wp-image-2089\" srcset=\"https:\/\/gradskimuzej.subotica.rs\/wp-content\/uploads\/2019\/04\/11.jpg 718w, https:\/\/gradskimuzej.subotica.rs\/wp-content\/uploads\/2019\/04\/11-225x300.jpg 225w, https:\/\/gradskimuzej.subotica.rs\/wp-content\/uploads\/2019\/04\/11-375x500.jpg 375w\" sizes=\"(max-width: 718px) 100vw, 718px\" \/><\/figure><\/li><li class=\"blocks-gallery-item\"><figure><img loading=\"lazy\" decoding=\"async\" width=\"718\" height=\"956\" src=\"https:\/\/gradskimuzej.subotica.rs\/wp-content\/uploads\/2019\/04\/15-1.jpg\" alt=\"\" data-id=\"1381\" data-link=\"https:\/\/gradskimuzej.subotica.rs\/?attachment_id=1381\"  class=\"wp-image-2090\" srcset=\"https:\/\/gradskimuzej.subotica.rs\/wp-content\/uploads\/2019\/04\/15-1.jpg 718w, https:\/\/gradskimuzej.subotica.rs\/wp-content\/uploads\/2019\/04\/15-1-225x300.jpg 225w, https:\/\/gradskimuzej.subotica.rs\/wp-content\/uploads\/2019\/04\/15-1-376x500.jpg 376w\" sizes=\"(max-width: 718px) 100vw, 718px\" \/><\/figure><\/li><li class=\"blocks-gallery-item\"><figure><img loading=\"lazy\" decoding=\"async\" width=\"701\" height=\"935\" src=\"https:\/\/gradskimuzej.subotica.rs\/wp-content\/uploads\/2019\/04\/17.jpg\" alt=\"\" data-id=\"1382\" data-link=\"https:\/\/gradskimuzej.subotica.rs\/?attachment_id=1382\"  class=\"wp-image-2091\" srcset=\"https:\/\/gradskimuzej.subotica.rs\/wp-content\/uploads\/2019\/04\/17.jpg 701w, https:\/\/gradskimuzej.subotica.rs\/wp-content\/uploads\/2019\/04\/17-225x300.jpg 225w, https:\/\/gradskimuzej.subotica.rs\/wp-content\/uploads\/2019\/04\/17-375x500.jpg 375w\" sizes=\"(max-width: 701px) 100vw, 701px\" \/><\/figure><\/li><\/ul>\n\n\n\n<p> <strong>Lexikonok<\/strong><br> Az ebben a gy\u0171jtem\u00e9nyben tal\u00e1lhat\u00f3 lexikonok, sz\u00f3t\u00e1rak, enciklop\u00e9di\u00e1k szerb, horv\u00e1t, magyar, angol, n\u00e9met, francia nyelven \u00edr\u00f3dtak.<\/p>\n\n\n\n<p> <strong>Id\u0151szaki kiadv\u00e1nyok<\/strong><br> Az id\u0151szaki kiadv\u00e1nyok gy\u0171jtem\u00e9ny\u00e9be k\u00f6zel 2000 kiadv\u00e1ny tartozik a m\u00fazeum sz\u00e1m\u00e1ra fontos szakter\u00fcletekr\u0151l. T\u00f6bb nyelven \u00edr\u00f3dtak, \u00e9s t\u00f6bbnyire csere vagy aj\u00e1nd\u00e9koz\u00e1s, ritk\u00e1bban v\u00e1s\u00e1rl\u00e1s \u00fatj\u00e1n ker\u00fclnek a gy\u0171jtem\u00e9nybe. A k\u00fcl\u00f6nb\u00f6z\u0151 int\u00e9zm\u00e9nyek k\u00f6z\u00f6tti csereprogram egyik alapja a m\u00fazeum Museion c\u00edm\u0171 \u00e9vk\u00f6nyve, ennek k\u00f6sz\u00f6nhet\u0151en t\u00f6bb mint 50 hazai, illetve k\u00fclf\u00f6ldi int\u00e9zm\u00e9nnyel m\u0171k\u00f6d\u00fcnk egy\u00fctt.<\/p>\n\n\n\n<ul class=\"wp-block-gallery columns-4 is-cropped wp-block-gallery-2 is-layout-flex wp-block-gallery-is-layout-flex\"><li class=\"blocks-gallery-item\"><figure><img loading=\"lazy\" decoding=\"async\" width=\"658\" height=\"877\" src=\"https:\/\/gradskimuzej.subotica.rs\/wp-content\/uploads\/2019\/04\/01-2.jpg\" alt=\"\" data-id=\"1422\" data-link=\"https:\/\/gradskimuzej.subotica.rs\/?attachment_id=1422\"  class=\"wp-image-2092\" srcset=\"https:\/\/gradskimuzej.subotica.rs\/wp-content\/uploads\/2019\/04\/01-2.jpg 658w, https:\/\/gradskimuzej.subotica.rs\/wp-content\/uploads\/2019\/04\/01-2-225x300.jpg 225w, https:\/\/gradskimuzej.subotica.rs\/wp-content\/uploads\/2019\/04\/01-2-375x500.jpg 375w\" sizes=\"(max-width: 658px) 100vw, 658px\" \/><\/figure><\/li><li class=\"blocks-gallery-item\"><figure><img loading=\"lazy\" decoding=\"async\" width=\"692\" height=\"922\" src=\"https:\/\/gradskimuzej.subotica.rs\/wp-content\/uploads\/2019\/04\/26.jpg\" alt=\"\" data-id=\"1423\" data-link=\"https:\/\/gradskimuzej.subotica.rs\/?attachment_id=1423\"  class=\"wp-image-2093\" srcset=\"https:\/\/gradskimuzej.subotica.rs\/wp-content\/uploads\/2019\/04\/26.jpg 692w, https:\/\/gradskimuzej.subotica.rs\/wp-content\/uploads\/2019\/04\/26-225x300.jpg 225w, https:\/\/gradskimuzej.subotica.rs\/wp-content\/uploads\/2019\/04\/26-375x500.jpg 375w\" sizes=\"(max-width: 692px) 100vw, 692px\" \/><\/figure><\/li><li class=\"blocks-gallery-item\"><figure><img loading=\"lazy\" decoding=\"async\" width=\"698\" height=\"1024\" src=\"https:\/\/gradskimuzej.subotica.rs\/wp-content\/uploads\/2019\/04\/scanimage023-698x1024.jpg\" alt=\"\" data-id=\"1424\" data-link=\"https:\/\/gradskimuzej.subotica.rs\/?attachment_id=1424\"  class=\"wp-image-2094\" srcset=\"https:\/\/gradskimuzej.subotica.rs\/wp-content\/uploads\/2019\/04\/scanimage023.jpg 698w, https:\/\/gradskimuzej.subotica.rs\/wp-content\/uploads\/2019\/04\/scanimage023-204x300.jpg 204w, https:\/\/gradskimuzej.subotica.rs\/wp-content\/uploads\/2019\/04\/scanimage023-341x500.jpg 341w\" sizes=\"(max-width: 698px) 100vw, 698px\" \/><\/figure><\/li><li class=\"blocks-gallery-item\"><figure><img loading=\"lazy\" decoding=\"async\" width=\"693\" height=\"924\" src=\"https:\/\/gradskimuzej.subotica.rs\/wp-content\/uploads\/2019\/04\/scanimage025.jpg\" alt=\"\" data-id=\"1425\" data-link=\"https:\/\/gradskimuzej.subotica.rs\/?attachment_id=1425\"  class=\"wp-image-2095\" srcset=\"https:\/\/gradskimuzej.subotica.rs\/wp-content\/uploads\/2019\/04\/scanimage025.jpg 693w, https:\/\/gradskimuzej.subotica.rs\/wp-content\/uploads\/2019\/04\/scanimage025-225x300.jpg 225w, https:\/\/gradskimuzej.subotica.rs\/wp-content\/uploads\/2019\/04\/scanimage025-375x500.jpg 375w\" sizes=\"(max-width: 693px) 100vw, 693px\" \/><\/figure><\/li><\/ul>\n\n\n\n<p> <strong>R\u00e9gi \u00e9s ritka k\u00f6nyvek gy\u0171jtem\u00e9nye<\/strong><br> A r\u00e9gi \u00e9s ritka k\u00f6nyvek mintegy 300 k\u00f6tetb\u0151l \u00e1ll\u00f3 gy\u0171jtem\u00e9nye k\u00e9pezi a k\u00f6nyvt\u00e1r legkisebb egys\u00e9g\u00e9t. A gy\u0171jtem\u00e9nyt k\u00fcl\u00f6nb\u00f6z\u0151 nyelveken \u00edr\u00f3dott monogr\u00e1fi\u00e1k \u00e9s foly\u00f3iratok alkotj\u00e1k a XVII., XVIII. \u00e9s XIX. sz\u00e1zadb\u00f3l. \u0150rz\u00e9s\u00fck, nyilv\u00e1ntart\u00e1suk \u00e9s v\u00e9delm\u00fck a kultur\u00e1lis javak v\u00e9delm\u00e9r\u0151l sz\u00f3l\u00f3 t\u00f6rv\u00e9nnyel, valamint a k\u00f6nyvt\u00e1ri szab\u00e1lyokkal \u00f6sszhangban t\u00f6rt\u00e9nik.  <\/p>\n\n\n\n<ul class=\"wp-block-gallery columns-4 is-cropped wp-block-gallery-3 is-layout-flex wp-block-gallery-is-layout-flex\"><li class=\"blocks-gallery-item\"><figure><img loading=\"lazy\" decoding=\"async\" width=\"627\" height=\"836\" src=\"https:\/\/gradskimuzej.subotica.rs\/wp-content\/uploads\/2019\/04\/01-3.jpg\" alt=\"\" data-id=\"1427\" data-link=\"https:\/\/gradskimuzej.subotica.rs\/?attachment_id=1427\"  class=\"wp-image-2096\" srcset=\"https:\/\/gradskimuzej.subotica.rs\/wp-content\/uploads\/2019\/04\/01-3.jpg 627w, https:\/\/gradskimuzej.subotica.rs\/wp-content\/uploads\/2019\/04\/01-3-225x300.jpg 225w, https:\/\/gradskimuzej.subotica.rs\/wp-content\/uploads\/2019\/04\/01-3-375x500.jpg 375w\" sizes=\"(max-width: 627px) 100vw, 627px\" \/><\/figure><\/li><li class=\"blocks-gallery-item\"><figure><img loading=\"lazy\" decoding=\"async\" width=\"672\" height=\"896\" src=\"https:\/\/gradskimuzej.subotica.rs\/wp-content\/uploads\/2019\/04\/05-2.jpg\" alt=\"\" data-id=\"1428\" data-link=\"https:\/\/gradskimuzej.subotica.rs\/?attachment_id=1428\"  class=\"wp-image-2097\" srcset=\"https:\/\/gradskimuzej.subotica.rs\/wp-content\/uploads\/2019\/04\/05-2.jpg 672w, https:\/\/gradskimuzej.subotica.rs\/wp-content\/uploads\/2019\/04\/05-2-225x300.jpg 225w, https:\/\/gradskimuzej.subotica.rs\/wp-content\/uploads\/2019\/04\/05-2-375x500.jpg 375w\" sizes=\"(max-width: 672px) 100vw, 672px\" \/><\/figure><\/li><li class=\"blocks-gallery-item\"><figure><img loading=\"lazy\" decoding=\"async\" width=\"633\" height=\"844\" src=\"https:\/\/gradskimuzej.subotica.rs\/wp-content\/uploads\/2019\/04\/11-1.jpg\" alt=\"\" data-id=\"1429\" data-link=\"https:\/\/gradskimuzej.subotica.rs\/?attachment_id=1429\"  class=\"wp-image-2098\" srcset=\"https:\/\/gradskimuzej.subotica.rs\/wp-content\/uploads\/2019\/04\/11-1.jpg 633w, https:\/\/gradskimuzej.subotica.rs\/wp-content\/uploads\/2019\/04\/11-1-225x300.jpg 225w, https:\/\/gradskimuzej.subotica.rs\/wp-content\/uploads\/2019\/04\/11-1-375x500.jpg 375w\" sizes=\"(max-width: 633px) 100vw, 633px\" \/><\/figure><\/li><li class=\"blocks-gallery-item\"><figure><img loading=\"lazy\" decoding=\"async\" width=\"606\" height=\"808\" src=\"https:\/\/gradskimuzej.subotica.rs\/wp-content\/uploads\/2019\/04\/14.jpg\" alt=\"\" data-id=\"1430\" data-link=\"https:\/\/gradskimuzej.subotica.rs\/?attachment_id=1430\"  class=\"wp-image-2099\" srcset=\"https:\/\/gradskimuzej.subotica.rs\/wp-content\/uploads\/2019\/04\/14.jpg 606w, https:\/\/gradskimuzej.subotica.rs\/wp-content\/uploads\/2019\/04\/14-225x300.jpg 225w, https:\/\/gradskimuzej.subotica.rs\/wp-content\/uploads\/2019\/04\/14-375x500.jpg 375w\" sizes=\"(max-width: 606px) 100vw, 606px\" \/><\/figure><\/li><\/ul>\n","protected":false},"excerpt":{"rendered":"<p>A Szabadkai V\u00e1rosi M\u00fazeum szakk\u00f6nyvt\u00e1r\u00e1t 1948-ban, az int\u00e9zm\u00e9ny megalakul\u00e1s\u00e1val egy id\u0151ben alap\u00edtott\u00e1k. A k\u00f6nyvt\u00e1r indul\u00e1sa idej\u00e9n csup\u00e1n 209 k\u00f6nyvet sz\u00e1ml\u00e1lt, ma azonban m\u00e1r mintegy 12 000 kiadv\u00e1nyt foglal mag\u00e1ba. A k\u00f6nyvek, melyek szerb, horv\u00e1t, magyar, angol, n\u00e9met, francia \u00e9s m\u00e1s nyelven \u00edr\u00f3dtak, r\u00e9szben v\u00e1s\u00e1rl\u00e1s, r\u00e9szben aj\u00e1nd\u00e9koz\u00e1s, illetve csere \u00fatj\u00e1n ker\u00fcltek a gy\u0171jtem\u00e9nybe. A m\u00fazeumi k\u00f6nyvt\u00e1r [&hellip;]<\/p>\n","protected":false},"author":2,"featured_media":2100,"parent":1064,"menu_order":6,"comment_status":"closed","ping_status":"closed","template":"","meta":{"footnotes":""},"_links":{"self":[{"href":"https:\/\/gradskimuzej.subotica.rs\/index.php?rest_route=\/wp\/v2\/pages\/1378"}],"collection":[{"href":"https:\/\/gradskimuzej.subotica.rs\/index.php?rest_route=\/wp\/v2\/pages"}],"about":[{"href":"https:\/\/gradskimuzej.subotica.rs\/index.php?rest_route=\/wp\/v2\/types\/page"}],"author":[{"embeddable":true,"href":"https:\/\/gradskimuzej.subotica.rs\/index.php?rest_route=\/wp\/v2\/users\/2"}],"replies":[{"embeddable":true,"href":"https:\/\/gradskimuzej.subotica.rs\/index.php?rest_route=%2Fwp%2Fv2%2Fcomments&post=1378"}],"version-history":[{"count":8,"href":"https:\/\/gradskimuzej.subotica.rs\/index.php?rest_route=\/wp\/v2\/pages\/1378\/revisions"}],"predecessor-version":[{"id":1498,"href":"https:\/\/gradskimuzej.subotica.rs\/index.php?rest_route=\/wp\/v2\/pages\/1378\/revisions\/1498"}],"up":[{"embeddable":true,"href":"https:\/\/gradskimuzej.subotica.rs\/index.php?rest_route=\/wp\/v2\/pages\/1064"}],"wp:featuredmedia":[{"embeddable":true,"href":"https:\/\/gradskimuzej.subotica.rs\/index.php?rest_route=\/wp\/v2\/media\/2100"}],"wp:attachment":[{"href":"https:\/\/gradskimuzej.subotica.rs\/index.php?rest_route=%2Fwp%2Fv2%2Fmedia&parent=1378"}],"curies":[{"name":"wp","href":"https:\/\/api.w.org\/{rel}","templated":true}]}}